?
8713
List the prime factors of 1444.
2, 19
List the prime factors of 5621.
7, 11, 73
List the prime factors of 74924.
2, 18731
List the prime factors of 93.
3, 31
List the prime factors of 1427.
1427
List the prime factors of 49417.
49417
List the prime factors of 24128.
2, 13, 29
List the prime factors of 55752.
2, 3, 23, 101
List the prime factors of 3532.
2, 883
List the prime factors of 7786.
2, 17, 229
What are the prime factors of 7938?
2, 3, 7
List the prime factors of 47232.
2, 3, 41
What are the prime factors of 17913?
3, 7, 853
What are the prime factors of 7649?
7649
What are the prime factors of 5578?
2, 2789
List the prime factors of 24854.
2, 17, 43
List the prime factors of 321.
3, 107
What are the prime factors of 10490?
2, 5, 1049
What are the prime factors of 773?
773
What are the prime factors of 44298?
2, 3, 23, 107
What are the prime factors of 1231?
1231
List the prime factors of 10594.
2, 5297
What are the prime factors of 1242?
2, 3, 23
List the prime factors of 24807.
3, 8269
What are the prime factors of 994?
2, 7, 71
List the prime factors of 3384.
2, 3, 47
What are the prime factors of 32813?
11, 19, 157
List the prime factors of 45496.
2, 11, 47
List the prime factors of 5089.
7, 727
What are the prime factors of 2611?
7, 373
List the prime factors of 15916.
2, 23, 173
List the prime factors of 894.
2, 3, 149
List the prime factors of 66883.
66883
What are the prime factors of 26428?
2, 6607
What are the prime factors of 595?
5, 7, 17
What are the prime factors of 7440?
2, 3, 5, 31
What are the prime factors of 263?
263
What are the prime factors of 1680?
2, 3, 5, 7
What are the prime factors of 1802?
2, 17, 53
List the prime factors of 25302.
2, 3, 4217
List the prime factors of 28452.
2, 3, 2371
What are the prime factors of 200?
2, 5
List the prime factors of 3843.
3, 7, 61
List the prime factors of 8189.
19, 431
List the prime factors of 4071.
3, 23, 59
List the prime factors of 380.
2, 5, 19
List the prime factors of 587.
587
What are the prime factors of 23597?
7, 3371
What are the prime factors of 159?
3, 53
List the prime factors of 40648.
2, 5081
What are the prime factors of 151?
151
What are the prime factors of 19939?
127, 157
What are the prime factors of 34922?
2, 19, 919
What are the prime factors of 3224?
2, 13, 31
What are the prime factors of 5721?
3, 1907
List the prime factors of 842.
2, 421
What are the prime factors of 1055?
5, 211
What are the prime factors of 53309?
53309
List the prime factors of 362.
2, 181
List the prime factors of 1902.
2, 3, 317
List the prime factors of 6623.
37, 179
List the prime factors of 21342.
2, 3, 3557
List the prime factors of 1331.
11
List the prime factors of 2466.
2, 3, 137
What are the prime factors of 6422?
2, 13, 19
What are the prime factors of 58860?
2, 3, 5, 109
What are the prime factors of 68914?
2, 34457
What are the prime factors of 4277?
7, 13, 47
List the prime factors of 23386.
2, 11, 1063
List the prime factors of 6043.
6043
List the prime factors of 28517.
28517
List the prime factors of 787.
787
List the prime factors of 3794.
2, 7, 271
List the prime factors of 16502.
2, 37, 223
List the prime factors of 1302.
2, 3, 7, 31
What are the prime factors of 60596?
2, 15149
What are the prime factors of 5?
5
List the prime factors of 116173.
23, 5051
List the prime factors of 629.
17, 37
What are the prime factors of 1904?
2, 7, 17
List the prime factors of 31182.
2, 3, 5197
List the prime factors of 1905.
3, 5, 127
List the prime factors of 72516.
2, 3, 6043
What are the prime factors of 1144?
2, 11, 13
List the prime factors of 1191.
3, 397
What are the prime factors of 56736?
2, 3, 197
What are the prime factors of 467?
467
List the prime factors of 213.
3, 71
What are the prime factors of 3409?
7, 487
List the prime factors of 4395.
3, 5, 293
List the prime factors of 191.
191
List the prime factors of 1576.
2, 197
List the prime factors of 2390.
2, 5, 239
List the prime factors of 67050.
2, 3, 5, 149
List the prime factors of 6456.
2, 3, 269
What are the prime factors of 19?
19
What are the prime factors of 130330?
2, 5, 13033
What are the prime factors of 361?
19
List the prime factors of 190476.
2, 3, 11, 13, 37
What are the prime factors of 8429?
8429
What are the prime factors of 1656?
2, 3, 23
What are the prime factors of 18609?
3, 6203
List the prime factors of 1107.
3, 41
List the prime factors of 54677.
7, 73, 107
List the prime factors of 39060.
2, 3, 5, 7, 31
List the prime factors of 89880.
2, 3, 5, 7, 107
List the prime factors of 3025.
5, 11
What are the prime factors of 38800?
2, 5, 97
List the prime factors of 32131.
11, 23, 127
What are the prime factors of 74430?
2, 3, 5, 827
List the prime factors of 11435.
5, 2287
What are the prime factors of 740?
2, 5, 37
List the prime factors of 18520.
2, 5, 463
What are the prime factors of 71270?
2, 5, 7127
List the prime factors of 3955.
5, 7, 113
List the prime factors of 84874.
2, 42437
What are the prime factors of 2504?
2, 313
What are the prime factors of 7768?
2, 971
List the prime factors of 16349.
16349
List the prime factors of 540.
2, 3, 5
What are the prime factors of 3507?
3, 7, 167
What are the prime factors of 77275?
5, 11, 281
List the prime factors of 3681.
3, 409
What are the prime factors of 18198?
2, 3, 337
What are the prime factors of 11228?
2, 7, 401
List the prime factors of 4346.
2, 41, 53
What are the prime factors of 1694?
2, 7, 11
What are the prime factors of 11389?
7, 1627
List the prime factors of 7009.
43, 163
List the prime factors of 2244.
2, 3, 11, 17
List the prime factors of 108238.
2, 13, 23, 181
What are the prime factors of 127870?
2, 5, 19, 673
What are the prime factors of 61701?
3, 131, 157
What are the prime factors of 9193?
29, 317
List the prime factors of 4047.
3, 19, 71
List the prime factors of 17619.
3, 7, 839
What are the prime factors of 13461?
3, 7, 641
What are the prime factors of 1445?
5, 17
What are the prime factors of 3736?
2, 467
List the prime factors of 766.
2, 383
What are the prime factors of 5905?
5, 1181
What are the prime factors of 45451?
7, 43, 151
What are the prime factors of 12389?
13, 953
List the prime factors of 1057.
7, 151
List the prime factors of 170.
2, 5, 17
List the prime factors of 448.
2, 7
What are the prime factors of 12979?
12979
What are the prime factors of 365?
5, 73
List the prime factors of 699.
3, 233
What are the prime factors of 32919?
3, 10973
List the prime factors of 73457.
17, 29, 149
What are the prime factors of 1095?
3, 5, 73
What are the prime factors of 4530?
2, 3, 5, 151
List the prime factors of 65311.
241, 271
What are the prime factors of 9253?
19, 487
What are the prime factors of 1019?
1019
List the prime factors of 1067.
11, 97
List the prime factors of 3859.
17, 227
What are the prime factors of 1332?
2, 3, 37
What are the prime factors of 27807?
3, 13, 23, 31
What are the prime factors of 3071?
37, 83
List the prime factors of 159045.
3, 5, 23, 461
List the prime factors of 5835.
3, 5, 389
List the prime factors of 948.
2, 3, 79
List the prime factors of 21940.
2, 5, 1097
What are the prime factors of 35750?
2, 5, 11, 13
List the prime factors of 4614.
2, 3, 769
List the prime factors of 23945.
5, 4789
What are the prime factors of 2525?
5, 101
List the prime factors of 1578.
2, 3, 263
List the prime factors of 58221.
3, 6469
List the prime factors of 4400.
2, 5, 11
List the prime factors of 719.
719
List the prime factors of 2087.
2087
List the prime factors of 2635.
5, 17, 31
What are the prime factors of 1360?
2, 5, 17
List the prime factors of 20269.
20269
List the prime factors of 12306.
2, 3, 7, 293
What are the prime factors of 1120?
2, 5, 7
What are the prime factors of 46?
2, 23
What are the prime factors of 3379?
31, 109
What are the prime factors of 1937?
13, 149
List the prime factors of 1941.
3, 647
What are the prime factors of 30452?
2, 23, 331
What are the prime factors of 9001?
9001
What are the prime factors of 25180?
2, 5, 1259
List the prime factors of 83009.
83009
What are the prime factors of 4144?
2, 7, 37
What are the prime factors of 502?
2, 251
List the prime factors of 1115.
5, 223
What are the prime factors of 7656?
2, 3, 11, 29
List the 